{"id":242773,"date":"2023-04-18T11:22:41","date_gmt":"2023-04-18T18:22:41","guid":{"rendered":"https:\/\/seniorbaja.com\/loginwp\/?page_id=242773"},"modified":"2023-04-24T13:47:24","modified_gmt":"2023-04-24T20:47:24","slug":"aviso-de-privacidad","status":"publish","type":"page","link":"https:\/\/seniorbaja.com\/loginwp\/aviso-de-privacidad\/","title":{"rendered":"Aviso de Privacidad"},"content":{"rendered":"<p>[et_pb_section fb_built=\u00bb1&#8243; _builder_version=\u00bb4.20.4&#8243; _module_preset=\u00bbdefault\u00bb global_colors_info=\u00bb{}\u00bb][et_pb_row _builder_version=\u00bb4.20.0&#8243; _module_preset=\u00bbdefault\u00bb global_colors_info=\u00bb{}\u00bb][et_pb_column type=\u00bb4_4&#8243; _builder_version=\u00bb4.20.0&#8243; _module_preset=\u00bbdefault\u00bb global_colors_info=\u00bb{}\u00bb][et_pb_post_title meta=\u00bboff\u00bb featured_image=\u00bboff\u00bb _builder_version=\u00bb4.20.4&#8243; _module_preset=\u00bbdefault\u00bb title_font=\u00bb|700|||||||\u00bb title_text_align=\u00bbcenter\u00bb global_colors_info=\u00bb{}\u00bb][\/et_pb_post_title][et_pb_code module_class=\u00bbprivacy_module\u00bb _builder_version=\u00bb4.20.4&#8243; _module_preset=\u00bbdefault\u00bb global_colors_info=\u00bb{}\u00bb]        <pee><pee><\/pee><!-- [et_pb_line_break_holder] -->        Fecha de \u00daltima Actualizaci\u00f3n: 04-18-2023.<!-- [et_pb_line_break_holder] --><!-- [et_pb_line_break_holder] -->        <\/pee><!-- [et_pb_line_break_holder] -->        <pee><!-- [et_pb_line_break_holder] -->        El presente aviso de Privacidad forma parte del uso del sitio web: <u>seniorbaja.com<\/u>.<!-- [et_pb_line_break_holder] -->        <\/pee><!-- [et_pb_line_break_holder] -->        <pee>Senior Care Baja, ubicado en Tulipanes 9566, Jardines de La mesa, 22126 Tijuana BC, es responsable del uso y protecci\u00f3n de sus datos personales. Usted podr\u00e1 ponerse en contacto escribi\u00e9ndonos en el sitio: <u>seniorbaja.com<\/u> o al correo electr\u00f3nico: <a href=\"mailto:seniorbaja@gmail.com\">seniorbaja@gmail.com<\/a>.<\/pee><!-- [et_pb_line_break_holder] --><!-- [et_pb_line_break_holder] -->        <pee>Al respecto le informamos lo siguiente:<\/pee><!-- [et_pb_line_break_holder] --><!-- [et_pb_line_break_holder] -->        <pee>Este Aviso contempla en todo momento los principios de licitud, consentimiento, informaci\u00f3n, calidad, finalidad, lealtad, proporcionalidad y responsabilidad en el tratamiento de datos personales.<\/pee><!-- [et_pb_line_break_holder] -->        <pee><\/pee><!-- [et_pb_line_break_holder] -->        <pee>Datos a recabar:<!\u2013- [et_pb_br_holder] -\u2013><!-- [et_pb_line_break_holder] -->        Nombre, email, direccion, estado, ciudad, codigo postal, pais, numero de telefono.<\/pee><!-- [et_pb_line_break_holder] -->        <pee><\/pee><!-- [et_pb_line_break_holder] -->        <\/p>\n<ul class=\"privacy-item-list\"><!-- [et_pb_line_break_holder] -->        <\/p>\n<li class=\"use-text-item\"><!-- [et_pb_line_break_holder] -->            <strong>Para qu\u00e9 fines utilizaremos sus datos personales.<\/strong><!\u2013- [et_pb_br_holder] -\u2013><!-- [et_pb_line_break_holder] -->            <pee>Utilizaremos la informaci\u00f3n personal que recopilamos de usted, para los siguientes fines que son necesarios para el servicio solicitado.<\/pee><!-- [et_pb_line_break_holder] -->            <pee>La \u00abinformaci\u00f3n personal\u00bb recolectada ser\u00e1 almacenada y utilizada para promociones, seguimiento de cotizaciones y prop\u00f3sitos de servicio al cliente. Nunca alquilamos, vendemos ni compartimos informaci\u00f3n personal con terceros. Nunca ser\u00e1 utilizada para asuntos comerciales u otros que no ata\u00f1en al \u00e1mbito de nuestra actividad.<\/pee><!-- [et_pb_line_break_holder] -->            <pee>En caso de que no desee que su informaci\u00f3n personal sea utilizada para estos fines, puede informarnos de ello, enviando un mensaje a trav\u00e9s del sitio: <u>seniorbaja.com<\/u> o al correo electr\u00f3nico: <a href=\"mailto:seniorbaja@gmail.com\">seniorbaja@gmail.com<\/a>; La negativa a utilizar su informaci\u00f3n personal para estos fines no ser\u00e1 motivo para denegar nuestros servicios y productos que solicite o contrate con nosotros.<\/pee><pee><\/pee><!-- [et_pb_line_break_holder] -->        <\/li>\n<p><!-- [et_pb_line_break_holder] -->        <\/p>\n<li class=\"use-text-item\"><!-- [et_pb_line_break_holder] -->            <strong>\u00bfRecabamos Datos Personales Sensibles?<\/strong><!\u2013- [et_pb_br_holder] -\u2013><!-- [et_pb_line_break_holder] -->            <pee>No recabamos datos sensibles en nuestro sitio.<\/pee><!-- [et_pb_line_break_holder] -->            <pee><\/pee><!-- [et_pb_line_break_holder] -->        <\/li>\n<p><!-- [et_pb_line_break_holder] -->        <\/p>\n<li class=\"use-text-item\"><strong>\u00bfCompartimos su informaci\u00f3n personal con terceros?<\/strong><!\u2013- [et_pb_br_holder] -\u2013><!-- [et_pb_line_break_holder] -->            <pee>No recabamos datos sensibles en nuestro sitio.<\/pee><pee><\/pee><!-- [et_pb_line_break_holder] -->            <\/li>\n<p><!-- [et_pb_line_break_holder] -->            <\/p>\n<li class=\"use-text-item\"><strong>Derechos ARCO (acceso, rectificaci\u00f3n, cancelaci\u00f3n y oposici\u00f3n).<\/strong><!\u2013- [et_pb_br_holder] -\u2013><!-- [et_pb_line_break_holder] -->            <pee>Usted tiene derecho a conocer qu\u00e9 datos personales tenemos de usted, para qu\u00e9 los utilizamos y las condiciones del uso que les damos (Acceso). Asimismo, es su derecho solicitar la correcci\u00f3n de su informaci\u00f3n personal en caso de que est\u00e9 desactualizada, sea inexacta o incompleta (Rectificaci\u00f3n); que la eliminemos de nuestros registros o bases de datos cuando considere que la misma no est\u00e1 siendo utilizada conforme a los principios, deberes y obligaciones previstas en la normativa (Cancelaci\u00f3n); as\u00ed como oponerse al uso de sus datos personales para fines espec\u00edficos (Oposici\u00f3n). Estos derechos se conocen como derechos ARCO.<\/pee><!-- [et_pb_line_break_holder] -->            <pee>La Ley otorga a los titulares de los datos personales el derecho a acceder, rectificar y cancelar su informaci\u00f3n personal, as\u00ed como oponerse a su uso.<\/pee><!-- [et_pb_line_break_holder] -->            <pee>Para el ejercicio de cualquiera de los derechos de ARCO, usted deber\u00e1 enviarnos un mensaje a trav\u00e9s del sitio: <u>seniorbaja.com<\/u> o al correo electr\u00f3nico: <a href=\"mailto:seniorbaja@gmail.com\">seniorbaja@gmail.com<\/a>, acompa\u00f1ada de su identificaci\u00f3n oficial del titular y en su caso, la de su representante, as\u00ed como la personalidad de este \u00faltimo, en un plazo m\u00e1ximo de 20 d\u00edas h\u00e1biles atenderemos su solicitud, y le informaremos sobre la procedencia de la misma, a trav\u00e9s del correo electr\u00f3nico.<\/pee><pee><\/pee><!-- [et_pb_line_break_holder] -->        <\/li>\n<p><!-- [et_pb_line_break_holder] -->        <\/p>\n<li class=\"use-text-item\"><!-- [et_pb_line_break_holder] -->            <strong>C\u00f3mo puede revocar su consentimiento para el uso de sus datos personales.<\/strong><!\u2013- [et_pb_br_holder] -\u2013><!-- [et_pb_line_break_holder] -->            <pee>Usted puede revocar el consentimiento que, en su caso, nos haya otorgado para el tratamiento de sus datos personales. Enviando un mensaje a trav\u00e9s del sitio: <u>seniorbaja.com<\/u> o al correo electr\u00f3nico: <a href=\"mailto:seniorbaja@gmail.com\">seniorbaja@gmail.com<\/a>, implementando el mismo procedimiento como lo se\u00f1ala el p\u00e1rrafo anterior.<\/pee><pee><\/pee><!-- [et_pb_line_break_holder] -->        <\/li>\n<p><!-- [et_pb_line_break_holder] -->        <\/p>\n<li class=\"use-text-item\"><!-- [et_pb_line_break_holder] -->            <strong>C\u00f3mo puede limitar el uso o divulgaci\u00f3n de su informaci\u00f3n personal.<\/strong><!\u2013- [et_pb_br_holder] -\u2013><!-- [et_pb_line_break_holder] -->            <pee>Usted puede limitar el uso y divulgaci\u00f3n de su informaci\u00f3n personal, Presentando la solicitud, personalmente en nuestra direcci\u00f3n ubicada en Tulipanes 9566, Jardines de La mesa, 22126 Tijuana BC, dirigida a la Coordinaci\u00f3n Administrativa, o enviando un mensaje a trav\u00e9s del sitio: <u>seniorbaja.com<\/u> o al correo electr\u00f3nico: <a href=\"mailto:seniorbaja@gmail.com\">seniorbaja@gmail.com<\/a>.<\/pee><pee><\/pee><!-- [et_pb_line_break_holder] -->        <\/li>\n<p><!-- [et_pb_line_break_holder] -->        <\/p>\n<li class=\"use-text-item\"><!-- [et_pb_line_break_holder] -->            <strong>C\u00f3mo puede conocer los cambios a este aviso de privacidad.<\/strong><!\u2013- [et_pb_br_holder] -\u2013><!-- [et_pb_line_break_holder] -->            <pee>El presente aviso de privacidad puede sufrir modificaciones, cambios o actualizaciones derivadas de nuevos requerimientos legales; de nuestras propias necesidades por los productos o servicios que ofrecemos; de nuestras pr\u00e1cticas de privacidad; de cambios en nuestro modelo de negocio, o por otras causas.<\/pee><!-- [et_pb_line_break_holder] --><!-- [et_pb_line_break_holder] -->            <pee>Nos comprometemos a mantenerlo informado sobre los cambios que pueda sufrir el presente aviso de privacidad, a trav\u00e9s de nuestra p\u00e1gina de internet: <u>seniorbaja.com<\/u> o al correo electr\u00f3nico: <a href=\"mailto:seniorbaja@gmail.com\">seniorbaja@gmail.com\u00bb<\/a>.<\/pee><pee><\/pee><!-- [et_pb_line_break_holder] -->        <\/li>\n<p><!-- [et_pb_line_break_holder] -->        <\/p>\n<li class=\"use-text-item\"><!-- [et_pb_line_break_holder] -->            <strong>Que son las cookies y como se utilizan.<\/strong><!\u2013- [et_pb_br_holder] -\u2013><!-- [et_pb_line_break_holder] -->            <pee>Cookies: Son un archivo de datos que se almacena en el disco duro del equipo de c\u00f3mputo o del dispositivo de comunicaciones electr\u00f3nicas de un usuario al navegar en un sitio de Internet espec\u00edfico, el cual permite intercambiar informaci\u00f3n de estado entre dicho sitio y el navegador del usuario. La informaci\u00f3n de estado puede revelar medios de identificaci\u00f3n de sesi\u00f3n, autenticaci\u00f3n o preferencias del usuario, as\u00ed como cualquier otro dato almacenado por el navegador respecto al sitio de Internet.<\/pee><pee><\/pee><!-- [et_pb_line_break_holder] -->        <\/li>\n<p><!-- [et_pb_line_break_holder] -->        <\/p>\n<li class=\"use-text-item\"><!-- [et_pb_line_break_holder] -->            <strong>Protecci\u00f3n de la informaci\u00f3n personal.<\/strong><!\u2013- [et_pb_br_holder] -\u2013>        <!-- [et_pb_line_break_holder] -->            <pee>En el sitio web <u>seniorbaja.com<\/u> utilizamos un candado SSL (Secure Socket Layer) para proteger la informaci\u00f3n confidencial registrada viaje segura durante su transmisi\u00f3n.<\/pee><pee><\/pee><!-- [et_pb_line_break_holder] -->        <\/li>\n<p><!-- [et_pb_line_break_holder] -->        <\/p>\n<li class=\"use-text-item\"><strong>Confidencialidad de los menores.<\/strong><!\u2013- [et_pb_br_holder] -\u2013><!-- [et_pb_line_break_holder] -->            <pee>Senior Care Baja, entiende la importancia de proteger la privacidad de los ni\u00f1os, en especial en un ambiente en l\u00ednea: <u>seniorbaja.com<\/u> no est\u00e1 dise\u00f1ado intencionalmente para o dirigido a menores de 18 a\u00f1os. Es pol\u00edtica de Senior Care Baja nunca recopilar o mantener informaci\u00f3n intencionalmente acerca de personas menores a los 18 a\u00f1os de edad.<!-- [et_pb_line_break_holder] -->            <\/pee><!-- [et_pb_line_break_holder] -->            <pee><\/pee><!-- [et_pb_line_break_holder] -->        <\/li>\n<p><!-- [et_pb_line_break_holder] -->        <\/p>\n<li class=\"use-text-item\"><strong>Aceptaci\u00f3n de los t\u00e9rminos.<\/strong><!\u2013- [et_pb_br_holder] -\u2013><!-- [et_pb_line_break_holder] -->            <pee>Esta declaraci\u00f3n de Confidencialidad \/ Privacidad est\u00e1 sujeta a los t\u00e9rminos y condiciones antes mencionados lo cual constituye un acuerdo legal entre el usuario Senior Care Baja. Si el usuario utiliza los servicios de Senior Care Baja en cualquiera de sus sitios, significa que ha le\u00eddo, entendido y acordado los t\u00e9rminos antes expuestos.<\/pee><pee><\/pee><!-- [et_pb_line_break_holder] -->        <\/li>\n<p><!-- [et_pb_line_break_holder] -->        <\/p>\n<li class=\"use-text-item\"><strong>Autoridad.<\/strong><!\u2013- [et_pb_br_holder] -\u2013><!-- [et_pb_line_break_holder] -->            <pee>Si el usuario considera que han sido vulnerados sus derechos respecto de la protecci\u00f3n de datos personales, tiene el derecho de acudir a la autoridad correspondiente para defender su ejercicio. La autoridad es el Instituto Nacional de Transparencia (INAI), su sitio web es: <a href=\"https:\/\/home.inai.org.mx\/\">https:\/\/home.inai.org.mx\/<\/a>.<\/pee><!-- [et_pb_line_break_holder] -->        <\/li>\n<p><!-- [et_pb_line_break_holder] -->        <\/ul>\n<p><!-- [et_pb_line_break_holder] -->        [\/et_pb_code][\/et_pb_column][\/et_pb_row][\/et_pb_section]<\/p>\n","protected":false},"excerpt":{"rendered":"","protected":false},"author":1,"featured_media":0,"parent":0,"menu_order":0,"comment_status":"closed","ping_status":"closed","template":"","meta":{"_acf_changed":false,"_et_pb_use_builder":"on","_et_pb_old_content":"","_et_gb_content_width":"","om_disable_all_campaigns":false,"_monsterinsights_skip_tracking":false,"_monsterinsights_sitenote_active":false,"_monsterinsights_sitenote_note":"","_monsterinsights_sitenote_category":0,"footnotes":""},"class_list":["post-242773","page","type-page","status-publish","hentry"],"acf":[],"yoast_head":"<!-- This site is optimized with the Yoast SEO plugin v25.5 - https:\/\/yoast.com\/wordpress\/plugins\/seo\/ -->\n<title>Aviso de Privacidad | Senior Care<\/title>\n<meta name=\"robots\" content=\"index, follow, max-snippet:-1, max-image-preview:large, max-video-preview:-1\" \/>\n<link rel=\"canonical\" href=\"https:\/\/seniorbaja.com\/loginwp\/aviso-de-privacidad\/\" \/>\n<meta property=\"og:locale\" content=\"es_ES\" \/>\n<meta property=\"og:type\" content=\"article\" \/>\n<meta property=\"og:title\" content=\"Aviso de Privacidad | Senior Care\" \/>\n<meta property=\"og:url\" content=\"https:\/\/seniorbaja.com\/loginwp\/aviso-de-privacidad\/\" \/>\n<meta property=\"og:site_name\" content=\"Senior Care\" \/>\n<meta property=\"article:modified_time\" content=\"2023-04-24T20:47:24+00:00\" \/>\n<meta property=\"og:image\" content=\"https:\/\/seniorbaja.com\/loginwp\/wp-content\/uploads\/2023\/02\/logo-senior-care-baja.png\" \/>\n\t<meta property=\"og:image:width\" content=\"147\" \/>\n\t<meta property=\"og:image:height\" content=\"80\" \/>\n\t<meta property=\"og:image:type\" content=\"image\/png\" \/>\n<meta name=\"twitter:card\" content=\"summary_large_image\" \/>\n<meta name=\"twitter:label1\" content=\"Tiempo de lectura\" \/>\n\t<meta name=\"twitter:data1\" content=\"5 minutos\" \/>\n<script type=\"application\/ld+json\" class=\"yoast-schema-graph\">{\"@context\":\"https:\/\/schema.org\",\"@graph\":[{\"@type\":\"WebPage\",\"@id\":\"https:\/\/seniorbaja.com\/loginwp\/aviso-de-privacidad\/\",\"url\":\"https:\/\/seniorbaja.com\/loginwp\/aviso-de-privacidad\/\",\"name\":\"Aviso de Privacidad | Senior Care\",\"isPartOf\":{\"@id\":\"https:\/\/seniorbaja.com\/loginwp\/#website\"},\"datePublished\":\"2023-04-18T18:22:41+00:00\",\"dateModified\":\"2023-04-24T20:47:24+00:00\",\"breadcrumb\":{\"@id\":\"https:\/\/seniorbaja.com\/loginwp\/aviso-de-privacidad\/#breadcrumb\"},\"inLanguage\":\"es\",\"potentialAction\":[{\"@type\":\"ReadAction\",\"target\":[\"https:\/\/seniorbaja.com\/loginwp\/aviso-de-privacidad\/\"]}]},{\"@type\":\"BreadcrumbList\",\"@id\":\"https:\/\/seniorbaja.com\/loginwp\/aviso-de-privacidad\/#breadcrumb\",\"itemListElement\":[{\"@type\":\"ListItem\",\"position\":1,\"name\":\"Portada\",\"item\":\"https:\/\/seniorbaja.com\/loginwp\/\"},{\"@type\":\"ListItem\",\"position\":2,\"name\":\"Aviso de Privacidad\"}]},{\"@type\":\"WebSite\",\"@id\":\"https:\/\/seniorbaja.com\/loginwp\/#website\",\"url\":\"https:\/\/seniorbaja.com\/loginwp\/\",\"name\":\"Senior Care\",\"description\":\"Ofrecemos servicios de vida asistida para aquellos que est\u00e1n en busca de asilos en Tijuana M\u00e9xico. En Senior Care Baja contamos con personal las 24 horas.\",\"publisher\":{\"@id\":\"https:\/\/seniorbaja.com\/loginwp\/#organization\"},\"potentialAction\":[{\"@type\":\"SearchAction\",\"target\":{\"@type\":\"EntryPoint\",\"urlTemplate\":\"https:\/\/seniorbaja.com\/loginwp\/?s={search_term_string}\"},\"query-input\":{\"@type\":\"PropertyValueSpecification\",\"valueRequired\":true,\"valueName\":\"search_term_string\"}}],\"inLanguage\":\"es\"},{\"@type\":\"Organization\",\"@id\":\"https:\/\/seniorbaja.com\/loginwp\/#organization\",\"name\":\"Senior Care\",\"url\":\"https:\/\/seniorbaja.com\/loginwp\/\",\"logo\":{\"@type\":\"ImageObject\",\"inLanguage\":\"es\",\"@id\":\"https:\/\/seniorbaja.com\/loginwp\/#\/schema\/logo\/image\/\",\"url\":\"https:\/\/seniorbaja.com\/loginwp\/wp-content\/uploads\/2023\/03\/Logo.png\",\"contentUrl\":\"https:\/\/seniorbaja.com\/loginwp\/wp-content\/uploads\/2023\/03\/Logo.png\",\"width\":147,\"height\":80,\"caption\":\"Senior Care\"},\"image\":{\"@id\":\"https:\/\/seniorbaja.com\/loginwp\/#\/schema\/logo\/image\/\"}}]}<\/script>\n<!-- \/ Yoast SEO plugin. -->","yoast_head_json":{"title":"Aviso de Privacidad | Senior Care","robots":{"index":"index","follow":"follow","max-snippet":"max-snippet:-1","max-image-preview":"max-image-preview:large","max-video-preview":"max-video-preview:-1"},"canonical":"https:\/\/seniorbaja.com\/loginwp\/aviso-de-privacidad\/","og_locale":"es_ES","og_type":"article","og_title":"Aviso de Privacidad | Senior Care","og_url":"https:\/\/seniorbaja.com\/loginwp\/aviso-de-privacidad\/","og_site_name":"Senior Care","article_modified_time":"2023-04-24T20:47:24+00:00","og_image":[{"width":147,"height":80,"url":"https:\/\/seniorbaja.com\/loginwp\/wp-content\/uploads\/2023\/02\/logo-senior-care-baja.png","type":"image\/png"}],"twitter_card":"summary_large_image","twitter_misc":{"Tiempo de lectura":"5 minutos"},"schema":{"@context":"https:\/\/schema.org","@graph":[{"@type":"WebPage","@id":"https:\/\/seniorbaja.com\/loginwp\/aviso-de-privacidad\/","url":"https:\/\/seniorbaja.com\/loginwp\/aviso-de-privacidad\/","name":"Aviso de Privacidad | Senior Care","isPartOf":{"@id":"https:\/\/seniorbaja.com\/loginwp\/#website"},"datePublished":"2023-04-18T18:22:41+00:00","dateModified":"2023-04-24T20:47:24+00:00","breadcrumb":{"@id":"https:\/\/seniorbaja.com\/loginwp\/aviso-de-privacidad\/#breadcrumb"},"inLanguage":"es","potentialAction":[{"@type":"ReadAction","target":["https:\/\/seniorbaja.com\/loginwp\/aviso-de-privacidad\/"]}]},{"@type":"BreadcrumbList","@id":"https:\/\/seniorbaja.com\/loginwp\/aviso-de-privacidad\/#breadcrumb","itemListElement":[{"@type":"ListItem","position":1,"name":"Portada","item":"https:\/\/seniorbaja.com\/loginwp\/"},{"@type":"ListItem","position":2,"name":"Aviso de Privacidad"}]},{"@type":"WebSite","@id":"https:\/\/seniorbaja.com\/loginwp\/#website","url":"https:\/\/seniorbaja.com\/loginwp\/","name":"Senior Care","description":"Ofrecemos servicios de vida asistida para aquellos que est\u00e1n en busca de asilos en Tijuana M\u00e9xico. En Senior Care Baja contamos con personal las 24 horas.","publisher":{"@id":"https:\/\/seniorbaja.com\/loginwp\/#organization"},"potentialAction":[{"@type":"SearchAction","target":{"@type":"EntryPoint","urlTemplate":"https:\/\/seniorbaja.com\/loginwp\/?s={search_term_string}"},"query-input":{"@type":"PropertyValueSpecification","valueRequired":true,"valueName":"search_term_string"}}],"inLanguage":"es"},{"@type":"Organization","@id":"https:\/\/seniorbaja.com\/loginwp\/#organization","name":"Senior Care","url":"https:\/\/seniorbaja.com\/loginwp\/","logo":{"@type":"ImageObject","inLanguage":"es","@id":"https:\/\/seniorbaja.com\/loginwp\/#\/schema\/logo\/image\/","url":"https:\/\/seniorbaja.com\/loginwp\/wp-content\/uploads\/2023\/03\/Logo.png","contentUrl":"https:\/\/seniorbaja.com\/loginwp\/wp-content\/uploads\/2023\/03\/Logo.png","width":147,"height":80,"caption":"Senior Care"},"image":{"@id":"https:\/\/seniorbaja.com\/loginwp\/#\/schema\/logo\/image\/"}}]}},"_links":{"self":[{"href":"https:\/\/seniorbaja.com\/loginwp\/wp-json\/wp\/v2\/pages\/242773","targetHints":{"allow":["GET"]}}],"collection":[{"href":"https:\/\/seniorbaja.com\/loginwp\/wp-json\/wp\/v2\/pages"}],"about":[{"href":"https:\/\/seniorbaja.com\/loginwp\/wp-json\/wp\/v2\/types\/page"}],"author":[{"embeddable":true,"href":"https:\/\/seniorbaja.com\/loginwp\/wp-json\/wp\/v2\/users\/1"}],"replies":[{"embeddable":true,"href":"https:\/\/seniorbaja.com\/loginwp\/wp-json\/wp\/v2\/comments?post=242773"}],"version-history":[{"count":0,"href":"https:\/\/seniorbaja.com\/loginwp\/wp-json\/wp\/v2\/pages\/242773\/revisions"}],"wp:attachment":[{"href":"https:\/\/seniorbaja.com\/loginwp\/wp-json\/wp\/v2\/media?parent=242773"}],"curies":[{"name":"wp","href":"https:\/\/api.w.org\/{rel}","templated":true}]}}